 528/(-14)?
2, 19
Let u be ((-22)/(-6))/(2/(-6)). Let b = 3 - u. What are the prime factors of b?
2, 7
Let h = 23 - -15. List the prime factors of h.
2, 19
Let d(o) = -154*o**2. Let g be d(-1). Let y(x) = -3*x**3 + x**2 + x + 1. Let n be y(-1). List the prime factors of g/(-10) - n/10.
3, 5
Let b be 6/(-4) + 27/(-6). Let p(f) = f**2 + 3*f - 3. List the prime factors of p(b).
3, 5
Let l(b) = b**2 + b - 21. Let t be l(0). Let u be -1*4/(12/t). Suppose h - u = -0*h. List the prime factors of h.
7
Let d(u) = 7*u**2 + u + 2. List the prime factors of d(-2).
2, 7
Let b = 6 + -21. Let c = -11 - b. Suppose -c*k + 4*x + 0*x = -24, 44 = 5*k + 2*x. What are the prime factors of k?
2
Let k(x) = -x**2. Let a be 14/10 + (-4)/10. Let y be k(a). List the prime factors of (1*y)/((-4)/12).
3
Suppose -y + 75 = -0*n + 4*n, -3*n - 9 = 0. What are the prime factors of y?
3, 29
Let v be ((-2)/2)/(-2)*-8. Let q(f) = -f**2 - 3*f - 1. Let x be q(v). Let a(p) = p + 12. What are the prime factors of a(x)?
7
Suppose 183 + 133 = 4*w. What are the prime factors of w?
79
Suppose -3 = -2*j + 7. Suppose 0 = -3*c + 3, -2*c - j = -2*r - c. What are the prime factors of r?
3
Let o = 2 - 1. Let h = 5 + o. List the prime factors of h.
2, 3
Let n(f) be the third derivative of -f**6/360 - 7*f**5/120 + f**4/8 + 2*f**2. Let c(m) be the second derivative of n(m). What are the prime factors of c(-9)?
11
Suppose -85 = 10*r - 15*r. What are the prime factors of r?
17
Let u = -16 + 51. What are the prime factors of u?
5, 7
Suppose -39 = -2*i - 5. Suppose -x + 24 = -7. Suppose x = 4*l - i. List the prime factors of l.
2, 3
Let m = -54 + 103. List the prime factors of m.
7
Suppose -4*q + 2*l + 118 = 0, -2*l + 72 = 3*q + 2*l. List the prime factors of q.
2, 7
Suppose -5*w + 2 = -3*w. List the prime factors of 1*(w + 0)*5.
5
What are the prime factors of (-3 - (2 + -6)) + 47?
2, 3
Suppose -20 = 4*d + d. Let p = d + 37. What are the prime factors of p?
3, 11
Suppose 141 = 4*t - 659. List the prime factors of t.
2, 5
Let m = 67 + -38. List the prime factors of m.
29
Suppose -3*m + 6 + 6 = 0. Suppose -m = 2*y - 0. Let r(w) = -2*w + 1. List the prime factors of r(y).
5
Let f be ((-1)/3)/(1/(-6)). Suppose f*s = 53 - 19. List the prime factors of s.
17
Let d be 0/((4 - 9) + 4). Suppose 2*c = -4 + 10. Suppose d = c*x - 4*r - 34, -3*x + 2*r + 21 = -17. What are the prime factors of x?
2, 7
Let y = 42 - 25. List the prime factors of y.
17
Let t(o) = -4*o - 10. List the prime factors of t(-8).
2, 11
List the prime factors of -10*-10*(-4)/(-8).
2, 5
Suppose q + 9 = 2*f, 5*q = 2*q + 5*f - 23. Let o be (-8)/(-4)*(9 + q). Let v = o - 8. List the prime factors of v.
2
Suppose -2*v - 2*o = 3*o - 2, 2*o = 5*v + 24. Let y = v - -10. Let a(u) = u**3 - 6*u**2 + 2. List the prime factors of a(y).
2
Let r = 9 - 6. Let q(y) = -9*y**3 + 15*y**2 + 5*y + 2. Let b(g) = -4*g**3 + 7*g**2 + 2*g + 1. Let s(u) = r*q(u) - 7*b(u). List the prime factors of s(4).
3
Let y be (-5 - -4)*(-1 - -1). Suppose -4*n + f = -65, -2*f - 66 = -4*n - y*f. What are the prime factors of n?
2
Let p = 242 - -73. List the prime factors of (-2)/(-6)*p/7.
3, 5
Suppose -4*o + 86 = 2*v, -4*v - v - o = -197. What are the prime factors of v?
3, 13
Let v = 2 - -2. Suppose -v*t + 14 + 36 = 2*g, 3*t = g + 25. Let u = t - 6. What are the prime factors of u?
2
Suppose 4*i = 4*t + 376, i + 284 = 4*i - 4*t. List the prime factors of i.
2, 23
Suppose -5*u + u + 156 = 4*w, 0 = 3*w + 2*u - 116. List the prime factors of w.
2, 19
Suppose 3*a - 2*f + 0*f = 101, 5*a - 4*f - 165 = 0. What are the prime factors of a?
37
Let a be 6/14 - 18/(-7). Suppose 2*q = -a*q + 60. List the prime factors of q.
2, 3
List the prime factors of (-1)/((0 - -1)*-1)*17.
17
Let q(a) = -a**2 - 18*a - 16. List the prime factors of q(-16).
2
Suppose 3*h + 4 - 28 = 0. Let b = h - 8. Suppose b = 3*i - 4*c - 37, -40 = -5*i + i + 3*c. What are the prime factors of i?
7
Let a(b) be the first derivative of b**2/2 + b + 2. Let q(m) = -m - 1. Let c be q(-7). List the prime factors of a(c).
7
Suppose 5*c + 2*q = 2*c + 75, 2*c = -2*q + 48. List the prime factors of c.
3
Suppose -4*s + 11 + 9 = 0. Suppose 5*v = 5*b + 65, s*v = b + 3*b + 62. List the prime factors of v.
2, 5
Suppose -v = -0*v + 78. Suppose 0 = -m - y - 1, 3*m = 5*y + 37. What are the prime factors of v/9*(-6)/m?
13
Suppose 2869 = 3*b - 14456. What are the prime factors of 4/18 + b/135?
43
Let i(o) be the first derivative of o**3/3 - 4*o - 6. What are the prime factors of i(-4)?
2, 3
List the prime factors of 7 + (-4 - -10)/(-2).
2
Let g be ((-1)/(-3))/((-5)/(-165)). Suppose 5 - g = -2*b. List the prime factors of b.
3
Suppose -14 = 3*f + 2*m, -f + 2 - 18 = -5*m. Let w be 4 - ((-60)/3 + 3). Let x = w + f. List the prime factors of x.
3, 5
Suppose 4*p = 3*p - 3. Let h = 11 + p. List the prime factors of h.
2
Suppose -z - 5*j = -36, 0 = -6*z + 4*z - 5*j + 97. What are the prime factors of z?
61
Suppose -2*i + 8*i = 258. What are the prime factors of i?
43
Let k(v) = 3*v**2 + 2. Let b(n) = -n - 11. Let o be b(-8). Let f be k(o). Let d = f - 18. What are the prime factors of d?
11
Let k(a) = -3*a**2 + a + 1. Let b be k(-1). What are the prime factors of ((-2)/(-4))/(b/(-66))?
11
Let a = 0 + 3. Suppose s = 5*j - 2*j - 65, 2*j + a*s - 25 = 0. List the prime factors of j.
2, 5
List the prime factors of ((-14)/(-4))/7*54.
3
Let a(u) = -u - 3. Let d be a(-3). Let n = d + -1. Let v = 8 + n. List the prime factors of v.
7
Suppose -2*c - 58 = -4*c. Let p be (-8)/(-1)*(-10)/(-4). Let f = c - p. What are the prime factors of f?
3
Let k(m) = m**2 - 6*m + 6. Let n(l) = 7*l - 1. Let f = 2 - 1. Let y be n(f). What are the prime factors of k(y)?
2, 3
Let f(p) = -4*p + 3. Let t be f(7). Let s = 15 + t. Let b = -6 - s. List the prime factors of b.
2
Let o(j) = -j**2 - j - 3. Let v(t) = -2*t**2 - 2*t - 6. Let b(l) = 7*o(l) - 4*v(l). What are the prime factors of b(4)?
23
Suppose -d + h - 3*h + 32 = 0, -4*h = 0. Let s = d - -7. What are the prime factors of s?
3, 13
Suppose -y + l + 160 - 3 = 0, 2*l = 5*y - 773. List the prime factors of y.
3, 17
Let s(n) = n**3 + 3*n**2 - 3*n - 2. Let x be s(-4). List the prime factors of (-104)/x + (-12)/(-18).
2, 3
Suppose -361 = -2*o + 203. List the prime factors of o.
2, 3, 47
Let b = -304 + 527. List the prime factors of b.
223
Suppose -90 = 10*o - 320. What are the prime factors of o?
23
Suppose -3*g - g = -112. Let p = -3 + g. Suppose 2*k = -3*k + p. List the prime factors of k.
5
Suppose 3*m - 233 - 187 = 0. List the prime factors of m.
2, 5, 7
Let t(b) = -3*b + 1 + 2*b + 2*b + 7. Let y(q) = q**3 + 6*q**2 + 4*q - 5. Let m be y(-5). List the prime factors of t(m).
2
Suppose -2*u + 20 = -6*u - n, -5*u = n + 26. Let w = u - -3. Let h = 12 + w. What are the prime factors of h?
3
Let i = 1 + 1. Suppose g - 2 = i. List the prime factors of g.
2
Suppose 2*b + 40 = 498. List the prime factors of b.
229
Suppose 0*c + 4*c + 3*d - 25 = 0, c = 2*d - 2. Let k be (-2)/8 - (-21)/c. Suppose 2*t - n - k = 0, -t + 40 = 4*t + 3*n. What are the prime factors of t?
5
Let m(j) be the second derivative of j**3/6 + 9*j**2/2 + 2*j. Let h be m(-6). Suppose -h*x + 8*x - 15 = 0. What are the prime factors of x?
3
Let g(m) = -m**3 + 2 - 2 + 3*m**3. Let s be g(-1). What are the prime factors of ((-3)/s)/(3/20)?
2, 5
Suppose 2*n = o + 4*n - 42, -4*n = -3*o + 76. What are the prime factors of o?
2
Let g(t) = -4*t**2 + 6*t - 5. Let l be g(7). Let q = -111 - l. List the prime factors of q.
2, 3
Suppose 4*c - 1002 = 5*v, -4*c + v + 356 = -654. What are the prime factors of c?
11, 23
Suppose -13*g + 12*g + 40 = 0. List the prime factors of g.
2, 5
Let f be -1*1/(1/(-8)). Let m = 11 + -8. Suppose 10 = m*p - f. List the prime factors of p.
2, 3
Suppose y - 84 = -4*f, 2*f = 3*y + 43 + 13. Suppose o + 0*o - f = -5*v, -v + 80 = 3*o. List the prime factors of o.
3
Let g = 11 - 7. Let x = g + -4. Suppose -2*c + 0*c + 8 = x. What are the prime factors of c?
2
Let x = -3 - -5. Let s(v) = -v + 3*v**x - 5*v + 4*v + 1. What are the prime factors of s(1)?
2
Let f(y) be the second derivative of y**4/24 - y**3/2 + y**2/2 + y. Let m(d) be the first derivative of f(d). List the prime factors of m(6).
3
Let i(j) = j**2 + 29. List the prime factors of i(-10).
3, 43
L